8 - 8?
1c0180
In base 2, what is -101110101110010 - 10010000?
-101111000000010
In base 15, what is -4 + b7de8d?
b7de89
In base 15, what is 3e + 8c3eb?
8c43a
In base 5, what is -2 - -22343041111?
22343041104
In base 4, what is 113333302 + -113021?
113220221
In base 3, what is 10 - 10010102000122?
-10010102000112
In base 8, what is -67641743 + -1?
-67641744
In base 11, what is -68328 - -1864?
-66574
In base 8, what is 360 - 35616?
-35236
In base 9, what is -110067835 + -1?
-110067836
In base 15, what is 23ea - -2de4?
52de
In base 6, what is 20415 + 243410?
304225
In base 15, what is -72b54c - 3e?
-72b58b
In base 2, what is -100 + 11111100001101011111010?
11111100001101011110110
In base 5, what is -3432410413 - -3?
-3432410410
In base 7, what is -1204054526 - -2?
-1204054524
In base 9, what is 67833 - -81?
68024
In base 4, what is -2 - -232112333131?
232112333123
In base 7, what is -535 - 2343011?
-2343546
In base 11, what is -201a5064 - -1?
-201a5063
In base 16, what is -9bd5 - -11b?
-9aba
In base 13, what is 60a684 - -18c?
60a843
In base 8, what is 545011 + -323?
544466
In base 9, what is -118 - -2251?
2132
In base 16, what is 595f903 - 6?
595f8fd
In base 11, what is 50 - -213818?
213868
In base 15, what is 3a4b - -bc?
3b18
In base 15, what is 15c6b2 - 36?
15c67b
In base 14, what is -150dd537 - 4?
-150dd53b
In base 2, what is -110011100010010110010 + 1101?
-110011100010010100101
In base 15, what is -799 - e69?
-1713
In base 4, what is -122220 - 21000?
-203220
In base 15, what is -be5c + -5d?
-beba
In base 3, what is 11 + 1110020001212?
1110020002000
In base 10, what is 45 - -19291?
19336
In base 2, what is 10 - 1010011111011111100011001?
-1010011111011111100010111
In base 16, what is -b8b - -f92f?
eda4
In base 10, what is -668 + -26942?
-27610
In base 9, what is 26281 - 16271?
10010
In base 15, what is -2d36 - 37c3?
-6609
In base 7, what is -16 + 532521143?
532521124
In base 14, what is -4c349 + 31d?
-4c02a
In base 4, what is 2123033 - -21233?
2210332
In base 7, what is -21321 + -240102?
-261423
In base 11, what is -18266a47 + 9?
-18266a39
In base 3, what is 22 + -2011102121210?
-2011102121111
In base 8, what is -4 + -20711741?
-20711745
In base 16, what is -d + 2fd07a?
2fd06d
In base 15, what is -43 + 156653?
156610
In base 3, what is 11000012011 + 10202220?
11010222001
In base 15, what is 1ecc69aa - 0?
1ecc69aa
In base 15, what is -29b2c - 1e5d?
-2ba8a
In base 7, what is -6612026 - 101?
-6612130
In base 7, what is 65 - -2155244?
2155342
In base 6, what is -2203 - -135402?
133155
In base 4, what is -2002 - 10303000?
-10311002
In base 2, what is 0 - 111000000010110001010011?
-111000000010110001010011
In base 9, what is 10380331 + -5?
10380325
In base 15, what is -7e5a - -63?
-7de7
In base 8, what is 26770 + 120?
27110
In base 14, what is -6004 + -5a37?
-ba3b
In base 13, what is -153ac6c + 5?
-153ac67
In base 9, what is -336777 + 184?
-336583
In base 11, what is 76 + -30734?
-30669
In base 12, what is -761660 - 0?
-761660
In base 3, what is 20202100121211 - -1?
20202100121212
In base 3, what is 101202201 + -20111212201?
-20010010000
In base 8, what is -12610 - -16660?
4050
In base 11, what is -1139535 + 4?
-1139531
In base 10, what is -2087441 + -204?
-2087645
In base 13, what is 1 - -1027450c?
10274510
In base 16, what is -90db - -6b20?
-25bb
In base 10, what is -3 + -128369201?
-128369204
In base 4, what is 12020200213 - -11?
12020200230
In base 9, what is -2 + 382138?
382136
In base 13, what is -1 - -c206151?
c206150
In base 14, what is -10 + 4c7a?
4c6a
In base 5, what is 10 - -43210110004?
43210110014
In base 3, what is 2102010 + -202022?
1122211
In base 9, what is 8 + 3052604?
3052613
In base 14, what is 8 - -38584?
3858c
In base 9, what is -178 - 5534?
-5723
In base 5, what is 130211204 - 20?
130211134
In base 13, what is 5 + -11055b1?
-11055a9
In base 7, what is 242600224 + -1?
242600223
In base 6, what is 50105103 + -1421?
50103242
In base 10, what is -419 - 1404446?
-1404865
In base 6, what is -10333515 + -1114?
-10335033
In base 7, what is -110134 + -120?
-110254
In base 3, what is -2222122001 + 11012?
-2222110212
In base 6, what is -1333 - -131145255?
131143522
In base 14, what is -96b2 - -44?
-966c
In base 5, what is -104012414 - 33?
-104013002
In base 6, what is 30455 - -51204?
122103
In base 7, what is 14 - -5131024?
5131041
In base 12, what is -3a6 + 40684?
4029a
In base 12, what is -3812 + -9531?
-11143
In base 12, what is -7a2b57 + 1?
-7a2b56
In base 15, what is -58bba + 2c?
-58b8d
In base 14, what is 3752a20 - 22?
37529dc
In base 16, what is 2 + -1f6907f?
-1f6907d
In base 14, what is 5 + 28a949?
28a950
In base 6, what is -5 + -1453421351?
-1453421400
In base 5, what is -123 + 21430212?
21430034
In base 9, what is 38141101 - 53?
38141037
In base 5, what is 1131222214 + -10?
1131222204
In base 5, what is -430021411034 - -3?
-430021411031
In base 4, what is -31101213 - -1100022?
-30001131
In base 11, what is -583 + 57019?
56546
In base 9, what is -4242 - -114620?
110367
In base 13, what is 411412 + 3c?
411451
In base 3, what is -110102222220200 + 111?
-110102222220012
In base 16, what is -1 - -4dd0152?
4dd0151
In base 10, what is 9802085 + -17?
9802068
In base 14, what is -2 - 971b4d7?
-971b4d9
In base 3, what is -12121010020 + -1010020?
-12122020110
In base 2, what is -101100 + 100011100100110111?
100011100100001011
In base 10, what is 10522272 - -1?
10522273
In base 12, what is -a755303 - 6?
-a755309
In base 9, what is 57484 - -15406?
74001
In base 14, what is 75aaa69 + -5?
75aaa64
In base 8, what is 17 - 37041507?
-37041470
In base 13, what is -227ab + -265?
-22a43
In base 12, what is -112 + -22952?
-22a64
In base 2, what is 101000000101010 - -1101010110100?
110101011011110
In base 2, what is 11000100110011101100100101 - 10?
11000100110011101100100011
In base 16, what is -2 + 24d88c?
24d88a
In base 3, what is -201011212022201111 + 12?
-201011212022201022
In base 9, what is 26310335 - 1?
26310334
In base 9, what is -33 - 18176207?
-18176241
In base 12, what is -2995 + 1274?
-1721
In base 3, what is 120112101111 - 2112?
120112021222
In base 7, what is 421 + -504500?
-504046
In base 11, what is 11a - -2638?
2757
In base 7, what is 0 - -124666065?
124666065
In base 15, what is 2ba + -5e3?
-328
In base 16, what is 54c3 + 9a6e?
ef31
In base 11, what is -4 - -4349a83?
4349a7a
In base 16, what is 1774 - 17dd1?
-1665d
In base 5, what is 3 + -340001222?
-340001214
In base 13, what is 13 + 198a80?
198a93
In base 7, what is 135356445 - -4?
135356452
In base 10, what is 108066 - 2027?
106039
In base 6, what is 1111422 + 32?
1111454
In base 13, what is a - -cb528?
cb535
In base 10, what is -284 - 6624?
-6908
In base 7, what is 101535 - 2505?
66030
In base 11, what is -1 + -13a655?
-13a656
In base 8, what is -117362 + -2704?
-122266
In base 15, what is be - 6c314?
-6c245
In base 3, what is 222022000 + -20110?
222001120
In base 8, what is -3 + 4026146?
4026143
In base 11, what is 105a45166 + -4?
105a45162
In base 13, what is -11 + -123752b?
-123753c
In base 15, what is d070 - e9b?
c0c4
In base 8, what is -62 + 4320410?
4320326
In base 11, what is -135578a + -4?
-1355793
In base 9, what is 464 + 1714?
2278
In base 10, what is -68 + 351443?
351375
In base 3, what is 1102111021 - -1022201012?
2202012110
In base 14, what is 169b - 3812?
-2155
In base 11, what is -9 - -4391465?
4391457
In base 7, what is 641215503 - -1?
641215504
In base 6, what is -45324 + 2312?
-43012
In base 9, what is -816 - 32752?
-33668
In base 14, what is 42c1b137 + -3?
42c1b134
In base 7, what is 555 - -164564?
165452
In base 5, what is -2201133 - 2221?
-2203404
In base 5, what is 2041 + 3304000?
3311041
In base 4, what is -103100 - 12012130?
-12121230
In base 2, what is 11111111010100 + 1010101011011?
101010100101111
In base 6, what is -355410224 - 0?
-355410224
In base 7, what is 61632 + -34643?
23656
In base 5, what is 103220311314 - -12?
103220311331
In base 6, what is 30 - -203101324?
203101354
In base 8, what is 2033657 - 4?
2033653
In base 5, what is 4434433421310 + 3?
4434433421313
In base 15, what is 3 + 2035c3?
2035c6
In base 10, what is -226 - 525231?
-525457
In base 14, what is 63d4c + -15?
63d37
In base 14, what is 0 - -2d111da2?
2d111da2
In base 8, what i